ivide 553263840?
True
Is 93088216 a multiple of 43?
False
Is 175791213 a multiple of 117?
True
Is 310495304 a multiple of 79?
False
Is 4619 a factor of 143498473?
True
Is 262663709 a multiple of 83?
True
Does 332 divide 1974586342?
False
Is 1951873162 a multiple of 56?
False
Is 96339690 a multiple of 5315?
True
Does 2 divide 115325574?
True
Is 5610 a factor of 907888740?
True
Is 280 a factor of 726487107?
False
Does 635 divide 895759575?
True
Is 196 a factor of 3457797504?
True
Is 2903 a factor of 63662790?
True
Is 15 a factor of 18163372?
False
Is 51136337 a multiple of 18?
False
Is 58826465 a multiple of 240?
False
Is 65328464 a multiple of 46?
True
Is 93295071 a multiple of 249?
True
Does 7 divide 249924254?
False
Does 1518 divide 41696065?
False
Does 280 divide 80697888?
False
Is 113317580 a multiple of 10?
True
Does 16 divide 181432943?
False
Is 440228636 a multiple of 225?
False
Is 206292558 a multiple of 7?
False
Does 2469 divide 59712874?
False
Is 127813072 a multiple of 164?
True
Is 90758393 a multiple of 11?
True
Is 479825265 a multiple of 580?
False
Is 44725111 a multiple of 17?
False
Is 66 a factor of 39514596?
True
Is 26397028 a multiple of 14?
True
Is 6200915 a multiple of 161?
True
Is 266630467 a multiple of 4877?
True
Is 21256820 a multiple of 52?
True
Is 15 a factor of 39044269?
False
Is 14570064 a multiple of 261?
True
Is 5115 a factor of 608973098?
False
Is 30916 a multiple of 4?
True
Is 10759105 a multiple of 2?
False
Is 660 a factor of 583340340?
True
Is 904681664 a multiple of 6416?
True
Is 6286 a factor of 7977367296?
False
Does 2407 divide 22936303?
True
Is 63 a factor of 1513742643?
True
Does 257 divide 414967313?
False
Is 45 a factor of 517047588?
False
Does 1642 divide 112751903?
False
Is 1044125758 a multiple of 5400?
False
Is 5028 a factor of 1345676433?
False
Is 5738404 a multiple of 29?
True
Is 988364234 a multiple of 4462?
True
Is 57 a factor of 433349739?
True
Is 1450 a factor of 23104300?
True
Is 635 a factor of 197361810?
True
Does 273 divide 155240631?
True
Is 54 a factor of 430231338?
True
Is 230353383 a multiple of 461?
False
Does 1865 divide 32862938?
False
Is 1440 a factor of 1025877475?
False
Is 7841518 a multiple of 3?
False
Is 2283815948 a multiple of 8?
False
Does 3 divide 3522777?
True
Is 4296390646 a multiple of 38?
False
Is 86 a factor of 980039144?
True
Does 40 divide 377825800?
True
Is 42688333 a multiple of 9?
False
Is 853678995 a multiple of 64?
False
Is 1909 a factor of 252553290?
False
Does 5153 divide 418246949?
False
Does 42 divide 17668406?
False
Does 11 divide 533313073?
False
Is 5 a factor of 12006603?
False
Is 18 a factor of 18339087?
False
Does 799 divide 18821244?
True
Is 361079531 a multiple of 317?
False
Does 362 divide 27031626?
True
Is 1179 a factor of 1345503570?
False
Is 6082 a factor of 767256464?
True
Is 2159177338 a multiple of 499?
False
Is 63 a factor of 11209307?
False
Does 26 divide 1246862330?
False
Is 2965832181 a multiple of 117?
True
Is 326 a factor of 36750306?
True
Is 12 a factor of 74431164?
True
Is 7 a factor of 292573503?
False
Does 115 divide 1005200842?
False
Is 701 a factor of 218873931?
True
Does 40 divide 420584520?
True
Is 48700890 a multiple of 2070?
True
Is 61 a factor of 1675026572?
True
Is 78129399 a multiple of 586?
False
Is 865776 a multiple of 16?
True
Does 390 divide 437679450?
True
Is 1217715998 a multiple of 41?
False
Is 1633513770 a multiple of 217?
False
Is 11236596 a multiple of 14?
True
Is 356 a factor of 472990688?
False
Is 13335023 a multiple of 6?
False
Is 2 a factor of 321773317?
False
Does 115 divide 658778226?
False
Does 12 divide 1779556151?
False
Is 13 a factor of 23845878?
False
Does 7 divide 10357588?
False
Does 52 divide 50321950?
False
Is 149061583 a multiple of 185?
False
Is 2376746531 a multiple of 54?
False
Is 7 a factor of 1836232?
False
Is 28778236 a multiple of 66?
False
Does 3 divide 2162794?
False
Is 615134333 a multiple of 253?
True
Is 68307817 a multiple of 4?
False
Is 96756260 a multiple of 180?
False
Is 13499316 a multiple of 33?
False
Does 369 divide 91181745?
True
Is 16 a factor of 212702992?
True
Is 291 a factor of 27149339?
False
Is 2087 a factor of 56947830?
False
Is 16 a factor of 1425810272?
True
Is 56 a factor of 20718115?
False
Does 1405 divide 69661305?
True
Is 139032720 a multiple of 1272?
False
Is 14854126 a multiple of 14?
True
Does 940 divide 233139740?
True
Does 23 divide 71875?
True
Does 27 divide 1289296767?
False
Is 17 a factor of 6967127?
True
Is 4711831 a multiple of 2?
False
Is 211 a factor of 14184316?
False
Is 39 a factor of 437664240?
True
Does 925 divide 129735648?
False
Is 743295960 a multiple of 4180?
True
Is 263454865 a multiple of 1085?
False
Is 304457264 a multiple of 796?
True
Is 79080024 a multiple of 438?
True
Is 1301067809 a multiple of 5?
False
Does 2021 divide 264338716?
True
Does 7 divide 46716417?
False
Is 3088673041 a multiple of 19?
True
Is 224985019 a multiple of 180?
False
Is 318 a factor of 2392682880?
True
Does 3 divide 112945317?
True
Does 742 divide 10184692?
True
Is 98 a factor of 14296332?
False
Is 135718680 a multiple of 12?
True
Is 59240365 a multiple of 3?
False
Is 1662274793 a multiple of 571?
False
Is 2886128599 a multiple of 59?
False
Is 124448618 a multiple of 14?
True
Is 1211605182 a multiple of 103?
False
Is 277 a factor of 4792150?
False
Does 23 divide 388916460?
False
Is 73206943 a multiple of 3124?
False
Is 17 a factor of 57208599?
False
Is 7 a factor of 121532596?
False
Does 20 divide 629576057?
False
Is 4097263258 a multiple of 11?
True
Is 121 a factor of 35346278?
True
Does 522 divide 57248262?
True
Does 17 divide 151439434?
True
Is 33935792 a multiple of 22?
True
Does 1266 divide 301400541?
False
Does 5 divide 131434862?
False
Does 19 divide 39811931?
False
Is 235 a factor of 43275790?
False
Does 600 divide 34288200?
True
Is 260019309 a multiple of 2321?
True
Is 192 a factor of 36459956?
False
Does 19 divide 229847274?
False
Does 4 divide 9328924?
True
Does 59 divide 54380007?
False
Does 1476 divide 26336268?
True
Is 450589764 a multiple of 15?
False
Does 30 divide 54776340?
True
Is 500634950 a multiple of 2511?
False
Does 5711 divide 395250948?
False
Does 12 divide 3117821988?
True
Is 51 a factor of 492657?
False
Is 123778646 a multiple of 94?
False
Is 9868430 a multiple of 65?
True
Is 6465 a factor of 2379957648?
False
Is 7657 a factor of 1452104108?
True
Does 493 divide 29101790?
True
Is 48779970 a multiple of 10?
True
Does 6 divide 2218386?
True
Is 3920 a factor of 826339920?
True
Does 1565 divide 226656658?
False
Is 1125 a factor of 154503000?
True
Is 88314397 a multiple of 59?
False
Does 720 divide 33184800?
True
Does 47 divide 41768806?
True
Is 13 a factor of 38565436?
True
Is 37630761 a multiple of 446?
False
Is 161 a factor of 30123422?
True
Is 1407 a factor of 191633400?
True
Does 187 divide 18726425?
False
Does 33 divide 25394754?
True
Does 19 divide 2915297?
False
Is 405 a factor of 745122121?
False
Does 5 divide 6167501?
False
Is 3276035 a multiple of 963?
False
Is 44390499 a multiple of 75?
False
Is 300 a factor of 106371260?
False
Is 183558050 a multiple of 95?
True
Is 246 a factor of 21771080?
False
Is 357437940 a multiple of 1380?
True
Is 211584576 a multiple of 96?
True
Is 2 a factor of 508721?
False
Does 464 divide 557874160?
True
Does 268 divide 156564260?
True
Is 312 a factor of 187837797?
False
Is 408 a factor of 583368213?
False
Is 3596814 a multiple of 234?
True
Is 158 a factor of 2316600?
False
Does 226 divide 122498788?
False
Is 8 a factor of 7347672?
True
Does 688 divide 159199760?
True
Does 437 divide 138501032?
True
Does 65 divide 9932741?
False
Is 6432237 a multiple of 9?
True
Is 1642960764 a multiple of 188?
True
Is 266 a factor of 7133231681?
False
Is 61273596 a multiple of 12?
True
Is 45 a factor of 36337273?
False
Is 16 a factor of 99879443?
False
Is 8949978 a multiple of 7?
False
Is 3192880 a multiple of 1070?
True
Is 264229096 a multiple of 148?
False
Is 21263443 a multiple of 127?
False
Does 70 divide 2476053?
False
Is 587 a factor of 570208865?
True
Is 144767710 a multiple of 58?
True
Does 58 divide 71522004?
True
Is 702710190 a multiple of 18?
True
Does 96 divide 107408883?
False
Is 164350732 a multiple of 871?
T